Suppose -2*l + 33 + 79 = 0. Let h = -34 + l. Let m(s) = s**3 + s**2 + 8. What is the remainder when h is divided by m(0)?
6
Suppose -g + 3 = -5*v, 4*v = v - 6. Let l(u) = 3*u**2 - 11*u + u - 4*u**2. What is the remainder when l(g) is divided by 11?
10
Suppose 0 = 3*v - 2 - 7. Suppose 20 = v*l - 37. What is the remainder when l is divided by 10?
9
Let o be (-4 - 0) + 2 + 2. Let c = 34 + o. What is the remainder when (-5 + 1)*c/(-8) is divided by 9?
8
Let p = -32 + 44. Calculate the remainder when 16 is divided by p.
4
Suppose -6*u + 168 = -3*u. Calculate the remainder when u is divided by 31.
25
Suppose 0*b + 4*b - 44 = 0. Calculate the remainder when 32 is divided by b.
10
Suppose -40 = -4*s + 12. Let a = 27 - s. Calculate the remainder when a is divided by 5.
4
Suppose -48 - 44 = -4*d. Calculate the remainder when d is divided by 12.
11
Suppose -4*d + 69 = 5. Suppose 4*c - 3 = 3*c. Suppose -15 = 3*x, -27 = c*h - 4*x - 185. What is the remainder when h is divided by d?
14
What is the remainder when (104/(-28) - -4) + 892/14 is divided by 23?
18
Let y(q) = -3*q + 0*q - 4*q. Let a(u) = -u**2 - 4*u + 8. Let c be a(-6). Calculate the remainder when y(c) is divided by 10.
8
Let n be (-10)/(-6) + 7/21. Suppose -7*o + 2*t = -2*o - 80, -32 = -n*o - t. Let p = 78 - 47. What is the remainder when p is divided by o?
15
Calculate the remainder when (12/(-5))/(2/(-35)) is divided by (-18 - -8)*7/(14/(-3)).
12
Suppose o - 6*o + 120 = 0. Let s be (-1)/(-3 + 110/37). Suppose 3*z + o = 3*a, a + 2*z + s = 6*a. Calculate the remainder when a is divided by 3.
1
Suppose 0 = 8*f - 7*f - 11. Calculate the remainder when 32 is divided by f.
10
Suppose 3*g + 3 = -2*m - 8, -3*m - 15 = 4*g. Calculate the remainder when (-256)/(-3) + m/3 is divided by 22.
19
Let p(y) = -66*y + 1. What is the remainder when p(-1) is divided by 17?
16
Suppose -b + 462 = 6*b. What is the remainder when b is divided by 34?
32
Let r = -76 - -138. What is the remainder when r is divided by 17?
11
Let l = 4 + -4. Suppose 2*p + 0*p - 26 = l. What is the remainder when 22 is divided by p?
9
Suppose -10 = -n - v, -2*v + 27 = 3*n - 7. Calculate the remainder when 808/20 - 4/10 is divided by n.
12
Let g(m) = m - 6. Let z = 23 - 14. Let h be g(z). Suppose -o + h = -4. Calculate the remainder when 20 is divided by o.
6
Let o(i) = 2*i + 1. Let k be o(1). Suppose u = k*u - 88. Suppose 2*h - u = 5*y, h - 66 = -2*h - 4*y. Calculate the remainder when 64 is divided by h.
20
Let p = -9 - -20. What is the remainder when 63 is divided by p?
8
Suppose -4*o = -0*o - 3*x - 7, 0 = 5*o + x - 23. Let m be o*(-3 - (-81)/12). Let h = 21 - m. What is the remainder when 11 is divided by h?
5
Let x = 10 - 17. Let o(p) = -9*p - 7. Calculate the remainder when o(x) is divided by 3 + -3 + (17 - -2).
18
What is the remainder when (12/15)/((-10)/(-600)) is divided by 26?
22
What is the remainder when 21 is divided by (-1)/(1/(-5)) + 6?
10
Let v be ((-10)/(-15))/((-2)/(-15)). Suppose -2*y + 153 = 2*y - v*k, -y + 4*k + 41 = 0. Calculate the remainder when y is divided by 15 - 1*(2 - 0).
11
Suppose 0*j - 28 = -4*j. What is the remainder when j is divided by ((-35)/14)/((-1)/2) + -1?
3
Let q = 24 + -4. Let z = -13 + 13. Suppose z = x + 2 - 13. What is the remainder when q is divided by x?
9
Suppose 1 = -3*a - 3*k - 8, a = -3*k - 13. Suppose a*b + 1 = -5*p, -p - 1 = -b + 2. Calculate the remainder when b is divided by 1.
0
Suppose 80 = k - 6*k. Let h = k - -33. Calculate the remainder when h is divided by 9.
8
Suppose -r - 6 + 1 = -2*j, 4*j - 1 = 5*r. Suppose -5*i + 90 = -r*l, 5*i - 90 = -3*l + 4*l. Calculate the remainder when i is divided by 5.
3
Suppose -w - 226 = -3*u, 2*u - 160 = -0*u - 4*w. Suppose u = m + m. Let x = -6 + m. What is the remainder when x is divided by 11?
10
Let i = 38 - 21. Let d = 173 - 168. What is the remainder when i is divided by d?
2
Suppose -2*q - 2 = -4*q. What is the remainder when 1 is divided by q?
0
Suppose 2*r - 4 = 0, 4*j - 2*j + 5*r = 36. Calculate the remainder when 36 is divided by j.
10
Suppose 0 = c + 2*c - 117. Let a(l) = l**2 + 9*l - 15. Calculate the remainder when c is divided by a(-12).
18
Suppose 81 = 5*o - 24. Let t = o + -8. Let j(x) = 4*x**3 + 2*x**2 - x. What is the remainder when j(2) is divided by t?
12
Let a(v) = v**3 - 7*v**2 + v + 16. What is the remainder when a(8) is divided by 13?
10
Let d(g) = -7*g - 26. Calculate the remainder when d(-11) is divided by 9.
6
Suppose 0 = p - 0*p - 47. Calculate the remainder when p is divided by (-4)/10*(-27 - 18/6).
11
Let l be (-6)/2*(-5)/(-15). Calculate the remainder when ((-6)/4)/(l/10) is divided by 4*(-5)/((-10)/4).
7
Let r = 15 - 11. Suppose l - 4 = r*a + 10, -25 = -5*a. What is the remainder when 133 is divided by l?
31
Let m = 70 - 53. Calculate the remainder when m is divided by 10.
7
Let k(t) = -t**3 - 18*t**2 - 16*t + 31. What is the remainder when k(-17) is divided by 3?
2
Suppose 7 + 27 = 2*r. What is the remainder when 122/2 + (5 - (-2)/(-2)) is divided by r?
14
Let m = -113 + 231. What is the remainder when m is divided by 41?
36
Let y = 37 - 5. Let x be (16/2)/((-2)/y). What is the remainder when 4/10 + x/(-5) is divided by 14?
12
Let r = -11 - -10. Let s(f) = -f**3 + 6*f**2 + 3*f. Calculate the remainder when 31 + 9/(2 - r) is divided by s(6).
16
Suppose 6*c - 8*c + 28 = 0. Calculate the remainder when 25 is divided by c.
11
Suppose 2*v - 4*a - 108 = 0, -262 = -5*v - 4*a + 6*a. Suppose 0 = 2*w + 2*w - v. Suppose 3*i - 23 = -8. What is the remainder when w is divided by i?
3
Let z(l) = -l**2 + 10*l - 11. Let c be z(8). Suppose c*h - d = 309, -4*d = -4*h + h + 199. What is the remainder when h is divided by 21?
19
Suppose -19*j = -13*j - 96. Calculate the remainder when 59 is divided by j.
11
Suppose -3*t - t = -116. Let a = 83 - 59. Let k = 34 - a. Calculate the remainder when t is divided by k.
9
Let x(l) = -l**3 + 5*l**2 - l + 7. What is the remainder when 5 is divided by x(5)?
1
Let m(k) = 13*k**3 - k + 1. Calculate the remainder when (-1)/1 + 4*6 is divided by m(1).
10
Let b = 14 + 8. Let i(o) = o**3 - 10*o**2 + 9*o + 12. What is the remainder when b is divided by i(9)?
10
Let y(s) = s**2 + 2*s + 1. Suppose 2 = 5*m + 27. Let r be y(m). Suppose h = 2*b - r, 8*b - 3*h = 3*b + 40. What is the remainder when b is divided by 5?
3
Let q(z) = 2*z**3 - 3*z**2 - 4*z + 2. Suppose -2*c = -1 - 5. Calculate the remainder when 140/(-8)*(-60)/21 is divided by q(c).
16
Let f = -11 - -20. Suppose 4*c - 199 = -63. Calculate the remainder when c is divided by f.
7
Let s(v) = -v**2. Let g be s(1). Let c(t) = -23*t + 1. Calculate the remainder when 70 is divided by c(g).
22
Suppose 3*n - y - 156 = 0, n + 5*y - 4*y = 48. Calculate the remainder when n is divided by 26.
25
Let b = 2 - 2. Suppose b = -2*n + 4*j + 38, j + 0*j = -n + 4. What is the remainder when 25 is divided by n?
7
Let a(c) = 4*c**2 - 5. What is the remainder when a(-3) is divided by 11?
9
Suppose 9*v = -v + 240. Calculate the remainder when 94 is divided by v.
22
Let s = 13 + -8. Let d be (0 + -1 + 2)*3. Calculate the remainder when (26/d)/((-4)/(-6)) is divided by s.
3
Suppose d + 5*z = 29, 0 = -3*d - 4*z + 22 + 10. What is the remainder when 7 is divided by d?
3
Let x(t) = 4*t**2 + 1. What is the remainder when 110 is divided by x(-3)?
36
Calculate the remainder when 16 is divided by (-9)/(-1) - (3 - (0 - -3)).
7
Suppose -2*q - 3*k + 14 = -15, k = 5*q - 64. What is the remainder when q is divided by 8?
5
Let d = 158 + -112. What is the remainder when d is divided by 12?
10
Let i be (-39)/(-4) - 5/(-20). Suppose y - 5*v + i = 3*y, 0 = -4*y - 2*v + 4. Suppose -s + 0*s + 8 = y. What is the remainder when s is divided by 5?
3
Let r(i) = 41*i**2 + i. Suppose 2*x = -2*j - 10, -5*j - 12 - 4 = -4*x. What is the remainder when r(x) is divided by 21?
19
Suppose -5 + 71 = 3*c. Calculate the remainder when c is divided by 6.
4
Let r(l) = -3*l - 1. Suppose -4*i - 15 = 1. Calculate the remainder when 30 is divided by r(i).
8
Suppose 0 = 4*b - b. Suppose b = -r - 3*r - 3*v + 28, -12 = -r - 2*v. Calculate the remainder when 17 is divided by r.
1
Let o be ((-9)/(-6) - 1)*8. Suppose o*z = u + 99, -3*u + 77 = 3*z - u. Calculate the remainder when z is divided by 13.
12
Let f(k) = k*